2 + 4*z + 7. Let l be h(3). What is the units digit of d(l)?
2
Let k = 0 + 2. Let f be 3/1 - 0/k. Suppose 3*v = m + 25, -v - 2 = -3*v - f*m. What is the units digit of v?
7
Let k(b) = -b**3 - 3*b**2 - 2*b - 4. Suppose -8 = 2*h - 2. Let v be k(h). Suppose 5*w - 16 = -2*s, -v*s = -w + 2*s + 12. What is the units digit of w?
4
Let g(n) = n + 8. What is the units digit of g(-7)?
1
Suppose 0 = -b - 138 + 453. What is the tens digit of ((-12)/(-10))/(14/b)?
2
Let c(d) = 5*d + 2. Suppose u = -h, 3*h + 55 - 20 = 4*u. What is the tens digit of c(u)?
2
Suppose -9*m - 3*m + 828 = 0. What is the tens digit of m?
6
Let r(f) = -3 - f - f**2 + 0*f + 9*f - 2. Suppose 2*y + 5*u - 17 = 0, -4*u = y + 3 - 13. What is the units digit of r(y)?
7
Let m = 27 - 4. Suppose 3*h = 4*h - m. What is the units digit of h?
3
Let m be 25/(-3) + 2/(-3). Let z = 13 + m. What is the units digit of z?
4
Let s = -14 + 2. What is the units digit of ((-18)/(-4))/((-6)/s)?
9
What is the units digit of ((-196)/(-70))/(2/10)?
4
Suppose 2*k + 3*l + 7 = 3, k = -2*l - 3. Let o = -1 - k. What is the units digit of ((-2)/o)/((-2)/(-26))?
3
What is the units digit of (-2)/(-8) + 300/16?
9
Let s be (-583)/(-121) + 2/11. Suppose 5*u + s = 165. What is the tens digit of u?
3
Suppose -2*b + v + 375 = 0, -4*b + 5*v + 438 = -303. What is the tens digit of b?
8
Suppose -2*w + 1638 = 5*w. What is the tens digit of w?
3
Let t be (-2 - 4*-1)*2. Suppose 0*n - 4*n = -3*f + 16, 5*n = t*f - 22. What is the units digit of f?
8
Let a be -7*3/((-21)/2). Suppose 4*d - d = 3*n + 39, a*n - 19 = -d. What is the units digit of d?
5
Let w(j) = j**3 + 3*j**2. Let f be w(-4). Let q be f/(-12)*1*15. Suppose 6 = 2*z - q. What is the tens digit of z?
1
Let r(a) = 424*a**2 + 4*a + 5. What is the hundreds digit of r(-1)?
4
Suppose -8 = 5*j - 63. What is the tens digit of j?
1
Suppose 5*v = -2*o - 163, 3*v - 2*o + 167 = -2*v. Let i = v + 63. What is the tens digit of i?
3
Suppose -4*v + 5*u = -184, 0*v - 2*v + 110 = 2*u. Let r = v - 26. What is the units digit of r?
5
What is the tens digit of 58 + (-15)/(-5) - 3?
5
Suppose -7*p + 2*p - 5 = 4*x, 2*x + 3*p = -3. Let l(a) = a**3 + a + 5. What is the units digit of l(x)?
5
Suppose 0 = 5*v - 4*b - 19, -5*v = -0*v + 5*b - 10. Suppose 4 = v*o - 8. What is the units digit of o?
4
Suppose p + 5*f + 7 = 0, -f - 96 = -3*p - 37. What is the tens digit of p?
1
What is the hundreds digit of -4 + 5 - (-182 + 2)?
1
Suppose -4*b + 100 = -3*b. What is the hundreds digit of b?
1
Let x = 24 + -8. Let j be (-31)/(-3) - 6/(-9). Let a = x - j. What is the units digit of a?
5
Suppose 0 = 3*n - n - 3*q + 6, -2*n + q - 6 = 0. Let w = n - -12. What is the units digit of w?
9
Suppose -4*g + 5*o + 49 + 13 = 0, -g + 11 = o. Let h = g + -8. What is the units digit of h?
5
Let f(g) = -g**3 + 8*g**2 + 4*g - 10. Let m(o) = 7*o**3 + 2*o - 1. Let q be m(1). What is the tens digit of f(q)?
2
What is the tens digit of (-36)/(-24)*32*2?
9
Suppose 1 + 3 = x. Suppose 11 = d + x*c, -2*d - 5*c + 22 = -10*c. What is the tens digit of d?
1
Let j = -1 - -27. What is the units digit of j?
6
What is the tens digit of 32 - (-2 - -1 - 3) - 1?
3
Let b = -11 + 23. What is the units digit of b/16 - (-41)/4?
1
Let o(b) = b**2 - 7*b + 15. Suppose -20 = l - 3*l. What is the tens digit of o(l)?
4
What is the hundreds digit of 8*(-3)/(-6) + 120?
1
Let a = -2 - 4. Let j = -5 - a. What is the units digit of j?
1
Let n(p) be the first derivative of p**4/4 - 2*p**3 + 5*p + 2. Let w be n(7). Suppose 2*y + 58 = 4*f, 0 = 4*f + 4*y - w + 14. What is the units digit of f?
3
Let m be (-3 + -15)*(-13)/3. Suppose 6*w - m = 3*w. What is the units digit of w?
6
What is the tens digit of (-530)/(-6) + (-110)/(-66)?
9
Let x(s) = 47*s - 101. What is the hundreds digit of x(9)?
3
Suppose 4*l = 5*z - 0*l + 11, l - 7 = -3*z. Suppose 9 - z = y. What is the units digit of y?
8
Suppose -4*x = 8 - 68. Suppose 2*b + 3*w = -0*b + 39, 0 = -5*w - x. What is the tens digit of b?
2
Let z be (0 - 1) + 4/2. Suppose 4*x + 4*m - 12 = 2*x, -12 = -2*x - m. Let j = z + x. What is the units digit of j?
7
Suppose 5*a - 94 = 4*i, i - 22 = -a + 5*i. Let k = a - -12. What is the tens digit of k?
3
Let v be 1/(-1 + (-16)/(-15)). What is the units digit of (25/v)/(3/9)?
5
Let y = -4 - -2. Let p(r) = -10*r - 1. What is the tens digit of p(y)?
1
Let r be (3 - 2)/((-2)/22). What is the units digit of -1 - -12 - (-44)/r?
7
Suppose 0 = 2*x - s - 36, -3*x + 5*s = -8*x + 60. Let b = 40 - x. What is the units digit of b?
4
Let t = 6 - 3. Suppose -3*c = -c + 3*s + 11, 0 = -5*c + 2*s + 20. Suppose -9 = 2*w - t*w + 5*y, -10 = -3*w - c*y. What is the units digit of w?
4
Let p = -6 - -5. Let j be (-4)/p + (-4)/(-2). What is the units digit of 5 + j/(-2) + 1?
3
Let n(w) = 2*w**2 - 5*w - 3. Let r be n(-3). Let o = r - 12. What is the units digit of o?
8
Suppose 4*g + 13 = -o, 5*g = -0*g - 5*o - 5. Let j(w) = 0*w - 3*w - 3 + w**3 + 0*w**2 + 3*w**2 + w**2. What is the units digit of j(g)?
9
Let s(t) = 3*t - 5. What is the tens digit of s(6)?
1
Let y(x) = -x**2 + x + 50. Let b be y(0). Suppose 4*v + v = b. Suppose 18 + v = 4*i. What is the units digit of i?
7
What is the tens digit of 0 + 0 - (-4290)/22?
9
Suppose 0*m = -5*p + 5*m + 40, -3*m = p + 12. Suppose -4*u = -2*u. What is the units digit of (u - 0) + 3/p?
1
Let y be (3 + -18)*(-1)/3. Suppose -3*w - 2*p + 1 = 0, -5*w - 8*p + 3*p + y = 0. Let i = w + 4. What is the units digit of i?
3
Let l(t) = 3*t**2 - 8*t + 4. Let k(m) = 7*m**2 - 17*m + 7. Let q(f) = 4*k(f) - 9*l(f). Let r be q(-7). Suppose 11 = 4*y - r. What is the units digit of y?
6
Let u = 19 + -7. What is the tens digit of u?
1
Let h(x) = -25*x + 10. What is the hundreds digit of h(-4)?
1
Let h(j) = -2*j - 2. Let l = -2 + -5. Let s be h(l). Suppose 3*g + 3*k - 22 = -k, 2*g + 2*k - s = 0. What is the units digit of g?
2
Let y(w) = -w**3 - 5*w**2 - 1. Let l be y(-5). What is the tens digit of 50/(1 - l - 0)?
2
Suppose -a - 3 + 5 = 0. Suppose 2*o - n = 9 + 2, -5*o = 4*n - 21. Suppose a = i - o. What is the units digit of i?
7
Let k = 0 - -25. What is the tens digit of k?
2
Let b = 8 + -4. Let a be (-17)/2 + 2/b. What is the units digit of (0 - 2)/(2/a)?
8
Let h = -174 - -294. What is the units digit of h?
0
Let z = 16 + -12. Let i = 55 + -19. Suppose -50 = -2*d - 3*p, 3*d - i = d + z*p. What is the units digit of d?
2
Let l(y) be the second derivative of -y**5/20 - y**4/12 - y**2 - y. What is the units digit of l(-2)?
2
Let h be (-3)/(-6)*(1 - -1). Let p = 1 - h. Suppose -2*t + t + 4 = p. What is the units digit of t?
4
Let u(r) = 3*r + 1. Let a be u(1). What is the units digit of ((-12)/(-16))/(1/a)?
3
What is the tens digit of 148/2 - (-7 - -5)?
7
Let r = -7 - -11. Suppose 3*k + r = -k. What is the units digit of (4/(-4))/(k/9)?
9
Suppose -2*h = -3*s + 161, 277 = 5*s + 2*h - h. What is the units digit of s?
5
Let k(b) = -b - 18. Let m be k(-13). Let z = 17 + m. What is the units digit of z?
2
Suppose -40 - 5 = -3*z. What is the tens digit of z?
1
Let o = 62 - 4. Let h = o - 25. What is the units digit of h/6 - 1/(-2)?
6
Suppose 0 = -0*t + 5*t - 20. Let q be 1 + -3 - 5/(-1). Suppose -2*z - q*l = -20, 0 = t*l - 7 - 1. What is the units digit of z?
7
Suppose -4*f - 12 + 132 = 0. What is the tens digit of f?
3
Let n(i) = i**2 + 8*i + 13. Let j be n(-10). Let h = j - 12. What is the units digit of h?
1
Suppose 2*a + f + 12 = -3*f, -2*a + 33 = -5*f. Suppose 6*n = a*n + 16. What is the units digit of n?
8
Let l(t) = t**3 + t**2 + t + 9. Let a be l(0). Suppose a = p - 1. What is the units digit of p?
0
Let b be ((-15)/(-6))/5*4. Suppose 17 = -b*v - 5*j, 22 = 3*v - 5*j - 15. Suppose 4*k - v*t = 8, 0 = 5*k + t - 3*t - 19. What is the units digit of k?
5
Let d(q) = -q + 1. Let x(s) = -2*s**2 - 2*s - 1. Let g be x(-2). What is the units digit of d(g)?
6
Let l(h) = -8*h**2 + 2*h + 1. Let t(x) = 32*x**2 - 9*x - 4. Let c(b) = -9*l(b) - 2*t(b). Let p be c(-1). Suppose -2*g + p - 1 = 0. What is the units digit of g?
3
Let z = -9 - -3. Let w be z/(-1 - -2)*-1. Let v(j) = -j**3 + 5*j**2 + 6*j + 7. What is the units digit of v(w)?
7
Let k = 3 - -2. Suppose 1 - 4 = x, 0 = -k*p + 3*x + 84. What is the tens digit of p?
1
Let i be 3 - (-2)/((-2)/1). Let n be 0/(-8)*i/(-4). Suppose -11 = -l - n*